it of 331281?
1
What is the tens digit of 210322?
2
What is the ten thousands digit of 328586?
2
What is the units digit of 12916?
6
What is the units digit of 10734428?
8
What is the tens digit of 219282?
8
What is the tens digit of 1315255?
5
What is the units digit of 94532?
2
What is the hundred thousands digit of 2024542?
0
What is the tens digit of 378210?
1
What is the hundreds digit of 192832?
8
What is the hundred thousands digit of 640286?
6
What is the ten thousands digit of 6571693?
7
What is the thousands digit of 23983376?
3
What is the hundred thousands digit of 2248358?
2
What is the units digit of 1642409?
9
What is the thousands digit of 260490?
0
What is the tens digit of 457067?
6
What is the hundred thousands digit of 3705998?
7
What is the tens digit of 887353?
5
What is the millions digit of 1031207?
1
What is the tens digit of 38228724?
2
What is the tens digit of 18157568?
6
What is the tens digit of 5344556?
5
What is the hundreds digit of 2863273?
2
What is the hundred thousands digit of 241718?
2
What is the millions digit of 7550757?
7
What is the hundred thousands digit of 749147?
7
What is the hundreds digit of 2879271?
2
What is the tens digit of 98903?
0
What is the ten thousands digit of 27605613?
0
What is the hundreds digit of 62616?
6
What is the tens digit of 1003185?
8
What is the units digit of 6210062?
2
What is the ten thousands digit of 1843478?
4
What is the thousands digit of 379663?
9
What is the units digit of 735175?
5
What is the hundreds digit of 1877450?
4
What is the hundreds digit of 1565336?
3
What is the thousands digit of 5952?
5
What is the hundred thousands digit of 451603?
4
What is the hundreds digit of 83929?
9
What is the hundred thousands digit of 232209?
2
What is the thousands digit of 1275597?
5
What is the thousands digit of 720187?
0
What is the thousands digit of 1824306?
4
What is the ten thousands digit of 3785689?
8
What is the ten thousands digit of 1576163?
7
What is the tens digit of 1991759?
5
What is the hundreds digit of 1156896?
8
What is the hundred thousands digit of 233007?
2
What is the millions digit of 1219369?
1
What is the tens digit of 187517?
1
What is the millions digit of 1502718?
1
What is the thousands digit of 228652?
8
What is the ten thousands digit of 237014?
3
What is the units digit of 76556?
6
What is the units digit of 1417853?
3
What is the units digit of 2973934?
4
What is the ten millions digit of 10746628?
1
What is the ten millions digit of 11612082?
1
What is the hundred thousands digit of 1921340?
9
What is the hundreds digit of 296470?
4
What is the thousands digit of 128587?
8
What is the hundreds digit of 1701330?
3
What is the millions digit of 11728897?
1
What is the units digit of 110400?
0
What is the hundreds digit of 5634095?
0
What is the units digit of 594790?
0
What is the tens digit of 209337?
3
What is the hundreds digit of 19961247?
2
What is the hundred thousands digit of 2758159?
7
What is the hundreds digit of 74203?
2
What is the hundreds digit of 235277?
2
What is the units digit of 53884?
4
What is the units digit of 229093?
3
What is the hundreds digit of 48679?
6
What is the units digit of 8415587?
7
What is the tens digit of 34175?
7
What is the units digit of 184366?
6
What is the hundred thousands digit of 707674?
7
What is the ten thousands digit of 514246?
1
What is the ten thousands digit of 4245817?
4
What is the tens digit of 2151527?
2
What is the hundred thousands digit of 18562367?
5
What is the tens digit of 786233?
3
What is the hundred thousands digit of 2850647?
8
What is the thousands digit of 776630?
6
What is the tens digit of 692553?
5
What is the millions digit of 2531099?
2
What is the tens digit of 4600988?
8
What is the ten thousands digit of 2309474?
0
What is the hundreds digit of 3038336?
3
What is the ten thousands digit of 571516?
7
What is the thousands digit of 916993?
6
What is the tens digit of 902553?
5
What is the ten thousands digit of 43610?
4
What is the tens digit of 2240223?
2
What is the hundred thousands digit of 3442588?
4
What is the units digit of 19311225?
5
What is the millions digit of 1693217?
1
What is the millions digit of 6263039?
6
What is the hundred thousands digit of 410770?
4
What is the tens digit of 278953?
5
What is the ten thousands digit of 519318?
1
What is the hundreds digit of 4704879?
8
What is the hundreds digit of 1426997?
9
What is the thousands digit of 35988?
5
What is the hundreds digit of 2546646?
6
What is the thousands digit of 1408516?
8
What is the millions digit of 2106916?
2
What is the tens digit of 137532?
3
What is the tens digit of 79208?
0
What is the hundreds digit of 73400?
4
What is the hundreds digit of 1688402?
4
What is the tens digit of 1151646?
4
What is the hundreds digit of 2260229?
2
What is the hundred thousands digit of 108861?
1
What is the hundred thousands digit of 178403?
1
What is the units digit of 289996?
6
What is the units digit of 670729?
9
What is the thousands digit of 1902046?
2
What is the tens digit of 393831?
3
What is the hundreds digit of 8573004?
0
What is the tens digit of 6659566?
6
What is the units digit of 362420?
0
What is the tens digit of 624870?
7
What is the ten thousands digit of 602353?
0
What is the tens digit of 109868?
6
What is the units digit of 238103?
3
What is the hundred thousands digit of 261711?
2
What is the millions digit of 11954538?
1
What is the units digit of 2307573?
3
What is the hundreds digit of 9197537?
5
What is the hundred thousands digit of 666316?
6
What is the thousands digit of 559872?
9
What is the hundreds digit of 16618753?
7
What is the hundreds digit of 7165437?
4
What is the hundreds digit of 415705?
7
What is the millions digit of 2131378?
2
What is the ten thousands digit of 100806?
0
What is the tens digit of 907979?
7
What is the tens digit of 2195823?
2
What is the millions digit of 1533748?
1
What is the thousands digit of 8767179?
7
What is the ten millions digit of 11449371?
1
What is the units digit of 96181?
1
What is the thousands digit of 1105222?
5
What is the units digit of 122561?
1
What is the millions digit of 24928853?
4
What is the tens digit of 11337168?
6
What is the hundred thousands digit of 1125977?
1
What is the hundreds digit of 5151024?
0
What is the tens digit of 3423108?
0
What is the hundreds digit of 310122?
1
What is the hundreds digit of 1886447?
4
What is the units digit of 293059?
9
What is the hundreds digit of 30830?
8
What is the tens digit of 222435?
3
What is the tens digit of 922142?
4
What is the hundreds digit of 2387096?
0
What is the thousands digit of 21016119?
6
What is the hundred thousands digit of 9661689?
6
What is the tens digit of 72738?
3
What is the hundreds digit of 1335062?
0
What is the ten millions digit of 19457600?
1
What is the units digit of 614342?
2
What is the hundreds digit of 44678?
6
What is the units digit of 3540211?
1
What is the millions digit of 1334773?
1
What is the hundred thousands digit of 198897?
1
What is the hundred thousands digit of 246644?
2
What is the hundred thousands digit of 3002826?
0
What is the tens digit of 1277200?
0
What is the ten thousands digit of 124766?
2
What is the tens digit of 329430?
3
What is the units digit of 5607806?
6
What is the thousands digit of 50996?
0
What is the ten millions digit of 23660985?
2
What is the millions digit of 10646442?
0
What is the units digit of 5247995?
5
What is the hundred thousands digit of 338970?
3
What is the units digit of 44472?
2
What is the hundreds digit of 7402924?
9
What is the millions digit of 1793055?
1
What is the thousands digit of 124359?
4
What is the hundreds digit of 198986?
9
What is the ten thousands digit of 21989?
2
What is the units digit of 1643642?
2
What is the tens digit of 414975?
7
What is the hundred thousands digit of 3062046?
0
What is the millions digit of 10233372?
0
What is the hundred thousands digit of 4455381?
4
What is the tens digit of 2701328?
2
What is the hundreds digit of 13621?
6
What is the tens digit of 75364?
6
What is the units digit of 1239431?
1
What is the units digit of 3163827?
7
What is the units digit of 184218?
8
What is the thousands digit of 2767111?
7
Wha